ime factors of (-28 + 5)/(1/(-3)).
3, 23
List the prime factors of 0/(-5) + -4 + (-382)/(-2).
11, 17
Let c be 44/16 + (-2)/(-8). Suppose -145 = -c*d - 2*d. What are the prime factors of d?
29
Let m(p) = -p**3 - 5*p**2 + 5*p. Let w be m(-6). Suppose -5*s = -2*k - 6, 0 = -4*s + 2 + w. List the prime factors of k.
2
Suppose 0 = 2*m + m. Suppose -4*k - 2*d + 32 = 0, -4*k - 4*d + 5*d + 26 = m. Suppose 2 = i - k. List the prime factors of i.
3
Suppose 0 = 2*z + 2*u + 16, -3*u - 29 = 4*z - 0*u. Let v = 9 + z. Suppose 12 = v*c - w - 14, -4*w = -3*c + 26. What are the prime factors of c?
2, 3
Let j = -12 + 39. Let b(w) = w**2 - 7*w - 4. Let d be b(4). Let x = d + j. List the prime factors of x.
11
Let c be 0 - 10/(-1*2). Suppose 6*y = y + 100. Suppose 30 + y = c*f. What are the prime factors of f?
2, 5
Let i be (-2)/3 + (-22)/(-6). Suppose -2*n = -3*f - 35, -3*f + 10 + i = n. List the prime factors of n.
2
Suppose -4*z = -39 - 97. Suppose 4*m - 82 = -w - 4, 0 = -2*m - 3*w + z. List the prime factors of m.
2, 5
Suppose 3*l - 12 = -3*r, 0*r - 2*r + 5 = l. Suppose -2*z + 6*z - 12 = 0. Suppose 2*i = -l*i + z*q + 40, 3*i = -5*q + 58. List the prime factors of i.
11
Let o(d) = d + 59. What are the prime factors of o(0)?
59
Suppose 0 = 3*s, -s = 4*g + 4 + 8. Let u = g - -5. Suppose 4*j - 6 = u*j. What are the prime factors of j?
3
Suppose 0 = 3*v + 3*d + 2*d + 2, v = 3*d + 4. Let z = v + 15. What are the prime factors of z?
2
Let q(r) be the first derivative of 17*r**4/4 - 2*r**3/3 + r - 2. Suppose b = -3*y + 4, -8*y - b = -3*y - 6. What are the prime factors of q(y)?
2
Let l = -146 + 218. Suppose -l = -5*k + 3*k. What are the prime factors of k?
2, 3
Let s = -2 + 4. Suppose 2*q + s*q = 8. Suppose 0 = -4*d - q*l + 32, d - 3*l - 15 = -0*d. List the prime factors of d.
3
Suppose -2*h = 2*m - 316, -2*m + 5*m = 2*h + 449. What are the prime factors of m?
3, 17
Let i be ((-2)/(-3))/((-2)/(-6)). Let m = 1 + i. What are the prime factors of m?
3
Let l(c) = -2*c - 3 + 1 - c. What are the prime factors of l(-5)?
13
Suppose -7*x + 4*k = -2*x - 375, 5*k = 5*x - 380. What are the prime factors of x?
71
Let b(d) = -2 - 5*d + 0 + 3*d**3 + d - 3*d**2 - 7*d**3. List the prime factors of b(-2).
2, 13
Let i = 161 - 66. What are the prime factors of i?
5, 19
What are the prime factors of 30*2/9*6?
2, 5
Suppose -2*l + 9 = l. Suppose -8*w + l*w = -125. What are the prime factors of w?
5
Let i = 87 + -25. List the prime factors of i.
2, 31
Suppose -6 + 0 = -3*y. Let c(d) = 2*d**3 + d**2 - 4*d + 3. Let z be c(y). List the prime factors of (-28)/5*z/(-6).
2, 7
Let y be 2/3 - (-4)/(-6). Suppose -5*j + 134 + 116 = y. Suppose -o - 4*o + j = 0. What are the prime factors of o?
2, 5
Let j = 5 - 5. What are the prime factors of (j - 11)*(-1)/1?
11
Let p = -25 - -28. Suppose p*y - 22 - 47 = 0. List the prime factors of y.
23
Let s be ((-3)/2)/3*0. Let b = 3 - s. What are the prime factors of (15/(-5))/((-1)/b)?
3
Let m(l) = -3*l - 9*l**3 + 5*l**2 + 10*l**3 + 4*l. What are the prime factors of m(-4)?
2, 3
Suppose n - 2*n = 5. Let x be 18/(-3)*n/3. List the prime factors of 24/x + 6/(-15).
2
Let y = -30 + 45. List the prime factors of ((-30)/18)/((-1)/y).
5
Let m = -6 - 5. Let g = 21 + m. List the prime factors of g.
2, 5
Let h be ((-7)/42 - (-19)/(-3))*2. Let r(v) be the third derivative of -v**5/60 - 7*v**4/12 + 5*v**3/6 + v**2. List the prime factors of r(h).
2, 3
Let i(t) = -t**2 - 9*t + 8. Let d be i(-10). Let k be 45/(-12) + d/8. Let r = 23 + k. List the prime factors of r.
19
Let d = 36 + -12. List the prime factors of d.
2, 3
Let h(r) = -r**2 + 8*r - 5. Let z = 3 + 4. Let j be h(z). List the prime factors of ((-24)/15)/(j/(-15)).
2, 3
Let m = 41 - 25. What are the prime factors of m?
2
Let h(x) = -x**2 - 13*x - 6. List the prime factors of h(-5).
2, 17
Suppose 3*n - 5*b - 20 = 0, 0 = -2*n - 3*n + 2*b + 8. Suppose 2*v = -n + 8. Suppose -v*r + 2*r = -14. What are the prime factors of r?
7
Let d(u) = u**2 + 3*u. List the prime factors of d(-8).
2, 5
Let o(b) = 2*b + 9. Let t be o(-7). What are the prime factors of (3 - (-1 - t))*-11?
11
Suppose 0 = -y - 5 + 43. What are the prime factors of y?
2, 19
Suppose -370 = -5*t + 325. What are the prime factors of t?
139
Let w(p) = p**2 + 4*p - 7. Let v be w(-5). Let i(b) = -b**2 + 8*b - 8. Let n be i(7). List the prime factors of v/4*18/n.
3
Let z(j) = j + 7. What are the prime factors of z(5)?
2, 3
Let f(y) = 3*y**2 - 15*y - 25. Let o(a) = 2*a**2 - 10*a - 17. Let r(z) = -5*f(z) + 7*o(z). Let b be r(-4). List the prime factors of b/(-18) + 2/6.
2
Let a(p) = p**2 + 7*p + 5. List the prime factors of a(-11).
7
Let g(m) = -2*m + 1. Let p be g(-4). Let j be (p/6 - 1)*4. What are the prime factors of (-2)/4*(-20)/j?
5
Let k be (1/(-2))/((-1)/4). Suppose 7*r - k*r - 55 = 0. Let q = r + -1. What are the prime factors of q?
2, 5
Let m(w) = 16*w**3 - 2*w**2 + 2*w - 1. Let d(r) = r. Suppose -k + 1 = 2*c, c - 5*c + 2*k = -6. Let j be d(c). List the prime factors of m(j).
3, 5
Let w be (-2 - (-2)/(-4))*-2. Suppose -9 - 41 = -w*z. List the prime factors of z.
2, 5
Let u = 271 - 160. List the prime factors of u.
3, 37
Let b = 619 - 423. List the prime factors of b.
2, 7
Suppose 113 + 17 = 2*i. What are the prime factors of i?
5, 13
Let p be 0/((0 - 0) + 1). Suppose -c = -p*c - 26. What are the prime factors of c?
2, 13
Suppose -13 = -f + 2*f. List the prime factors of (f - -10)/((-3)/23).
23
Suppose j = -3*j + 5*k, 0 = 3*j - 2*k. List the prime factors of (-3 + j)*(-19)/3.
19
Suppose 11*b = 14*b - 105. What are the prime factors of b?
5, 7
Let u(x) = x**2 + 5*x + 4. Let y be u(-4). Suppose y = -0*d - 2*d + 14. What are the prime factors of d?
7
Let l(k) = k**3 - 13*k**2 + 12*k + 17. Let q = -11 - -23. What are the prime factors of l(q)?
17
Let y = 50 + -12. List the prime factors of y.
2, 19
Let c(x) = -x**3 - 5*x**2 - 2*x - 6. Let n be c(-5). Suppose -4*d = 2*f - 46, -n*d + 4 = -0*d. List the prime factors of f.
3, 7
Let z = -12 + 10. What are the prime factors of (z/6)/((-2)/30)?
5
Suppose -6*u + 3*u + j = -269, 3*j - 363 = -4*u. List the prime factors of u.
2, 3, 5
Suppose 4*d + 5*x = 145, 0 = -5*x + 11 + 14. Let h = 68 - d. List the prime factors of h.
2, 19
Let j(n) = -3*n + 2. Let h be j(-2). Let r(v) = -v**2 + v + 26. Let p be r(0). What are the prime factors of p/h + (-1)/4?
3
Let d be 3/3*-2 + 4. Suppose y = -d*y + 12. What are the prime factors of (-20)/(-11) + y/22?
2
Let d be (-81)/(-12) + (-3)/4. Suppose d = 5*j - 4. Suppose 12 = j*u + s - 5, 4*u - 4*s = 16. List the prime factors of u.
7
Suppose 2*a - 188 + 38 = -5*c, -5*c + 5*a + 150 = 0. Suppose 5*m = 4*y - 111 - c, -5*y + 160 = -3*m. List the prime factors of y.
29
Let o(h) = 5*h + 4. Let u be o(-4). What are the prime factors of 1*(u/(-2) + 1)?
3
Let g = 3 - -1. Suppose 4*f = -g*j + 2*j + 138, 0 = 5*f - 5*j - 165. List the prime factors of f.
2, 17
Let z = 0 - -3. Suppose -z*d + 17 = 5. What are the prime factors of d?
2
Suppose -3*h = h + 8. Let n(m) = -11*m - 3. What are the prime factors of n(h)?
19
Let a = -4 - -132. List the prime factors of a.
2
List the prime factors of (189/(-14))/(2/(64/(-3))).
2, 3
What are the prime factors of 7125/20 - 9/(-12)?
3, 7, 17
Let w = 14 - 13. Let m(u) = 31*u**3 + u**2 - u + 1. What are the prime factors of m(w)?
2
Let z be (0/1)/(4/2). Let d = 4 + 3. Let t = z + d. List the prime factors of t.
7
List the prime factors of (-4)/(-12) + (-706)/(-6).
2, 59
Suppose 0 = 3*u + 2*u. Suppose -57 = -2*s - 3*c, -3*s + 4*c = -u*s - 111. What are the prime factors of s?
3, 11
Suppose 2*v - 2*d = 4, 0 = -0*d + 3*d. Suppose -v*k + z + 6 = -z, 0 = -3*k - 2*z - 11. Let u(a) = 2*a**2 - 2*a - 1. What are the prime factors of u(k)?
3
Suppose -2*k - 5*y + 21 = 0, 0*y + 2*y = 4*k - 78. Suppose -3*p - k = -p. Let a = 19 + p. What are the prime factors of a?
2, 5
Let i(t) = -17*t**2 + 4*t + 5. Let p(k) = -9*k**2 + 2*k + 3. Let d(c) = -6*i(c) + 11*p(c). List the prime factors of d(2).
11
Let w = -92 - -151. Let y = w - 32. What are the prime factors of y?
3
Let i = 20 + -28. Let d = -3 - -2. What are the prime factors of (-26)/i + d/4?
3
Let h(r) = 3*r**2 + r - 2. Let x be h(3). Suppose -4*b - 4 = -3*v + x, 5*b = 20. List the prime factors of v.
2
Suppose 0 = n - 0*n - 2